atest common factor of 236 and 22.
2
What is the greatest common divisor of 414 and 5454?
18
Calculate the greatest common divisor of 7271 and 11.
11
Calculate the greatest common factor of 2 and 502.
2
What is the highest common factor of 60 and 1140?
60
Calculate the greatest common factor of 11 and 99.
11
What is the greatest common factor of 25 and 635?
5
What is the greatest common divisor of 70 and 590?
10
Calculate the highest common divisor of 935 and 55.
55
Calculate the highest common factor of 596 and 4.
4
Calculate the highest common factor of 441 and 9.
9
What is the greatest common factor of 340 and 220?
20
What is the highest common divisor of 549 and 36?
9
What is the highest common divisor of 17 and 323?
17
What is the greatest common factor of 53 and 265?
53
Calculate the greatest common factor of 44 and 704.
44
Calculate the greatest common factor of 96 and 32.
32
What is the highest common divisor of 26 and 5096?
26
What is the greatest common factor of 15 and 6270?
15
What is the highest common factor of 3060 and 15?
15
Calculate the greatest common divisor of 124 and 31186.
62
What is the highest common factor of 1428 and 2244?
204
Calculate the highest common divisor of 125 and 10.
5
What is the highest common divisor of 1701 and 7?
7
Calculate the highest common factor of 265 and 35.
5
Calculate the greatest common factor of 75 and 5.
5
Calculate the greatest common divisor of 12240 and 80.
80
Calculate the highest common divisor of 564 and 9212.
188
What is the highest common factor of 224 and 14?
14
Calculate the highest common divisor of 255 and 68.
17
What is the greatest common factor of 15 and 1095?
15
Calculate the highest common divisor of 484 and 11858.
242
What is the highest common factor of 72 and 396?
36
What is the highest common factor of 212 and 265?
53
What is the highest common divisor of 32 and 256?
32
What is the greatest common divisor of 88 and 2398?
22
Calculate the highest common divisor of 295 and 1593.
59
Calculate the highest common divisor of 26 and 8372.
26
Calculate the highest common divisor of 49 and 441.
49
What is the highest common factor of 34 and 2176?
34
Calculate the greatest common divisor of 26 and 16172.
26
What is the greatest common divisor of 228 and 5092?
76
Calculate the greatest common divisor of 1216 and 76.
76
What is the highest common factor of 57 and 1368?
57
What is the highest common divisor of 30 and 130?
10
Calculate the highest common factor of 108 and 294.
6
Calculate the highest common divisor of 28 and 12.
4
Calculate the greatest common divisor of 267 and 178.
89
Calculate the highest common factor of 14 and 322.
14
Calculate the highest common factor of 91 and 455.
91
Calculate the greatest common factor of 442 and 338.
26
What is the highest common factor of 58 and 14848?
58
What is the greatest common factor of 95 and 152?
19
What is the highest common divisor of 297 and 33?
33
Calculate the greatest common divisor of 26 and 4.
2
What is the highest common factor of 517 and 11?
11
Calculate the highest common factor of 1472 and 192.
64
Calculate the highest common factor of 126 and 402.
6
Calculate the greatest common factor of 93 and 155.
31
What is the greatest common factor of 48 and 10928?
16
What is the highest common factor of 315 and 690?
15
Calculate the highest common divisor of 364 and 5012.
28
What is the greatest common divisor of 1837 and 11?
11
Calculate the greatest common factor of 234 and 91.
13
Calculate the greatest common divisor of 1846 and 71.
71
Calculate the greatest common factor of 20 and 4460.
20
Calculate the greatest common factor of 195 and 559.
13
Calculate the highest common factor of 31 and 7781.
31
What is the highest common factor of 1992 and 168?
24
Calculate the greatest common factor of 586 and 2.
2
What is the greatest common divisor of 40 and 5?
5
What is the highest common divisor of 5 and 5?
5
Calculate the highest common divisor of 4 and 628.
4
What is the greatest common divisor of 55 and 22?
11
What is the highest common divisor of 7871 and 34?
17
Calculate the greatest common factor of 153 and 9.
9
What is the greatest common divisor of 40 and 9?
1
What is the greatest common factor of 27 and 6453?
27
Calculate the greatest common divisor of 245 and 5.
5
Calculate the highest common divisor of 165 and 143.
11
Calculate the greatest common divisor of 6210 and 120.
30
What is the highest common divisor of 124 and 186?
62
Calculate the greatest common factor of 1012 and 176.
44
What is the highest common factor of 12013 and 879?
293
Calculate the highest common divisor of 648 and 576.
72
Calculate the highest common factor of 7153 and 46.
23
What is the highest common divisor of 201 and 3?
3
What is the greatest common factor of 63 and 54?
9
What is the highest common divisor of 231 and 42?
21
What is the highest common divisor of 1355 and 20?
5
What is the greatest common factor of 11 and 1661?
11
What is the greatest common factor of 25 and 1750?
25
Calculate the highest common divisor of 84 and 69.
3
What is the greatest common factor of 13 and 1625?
13
Calculate the highest common factor of 720 and 585.
45
What is the greatest common divisor of 69 and 2001?
69
Calculate the highest common divisor of 532 and 456.
76
What is the highest common factor of 64 and 368?
16
What is the highest common divisor of 19 and 1083?
19
Calculate the highest common factor of 165 and 45.
15
What is the highest common divisor of 1564 and 34?
34
Calculate the greatest common divisor of 65 and 949.
13
What is the highest common divisor of 664 and 10?
2
What is the highest common factor of 434 and 2790?
62
Calculate the highest common divisor of 715 and 11583.
143
What is the greatest common divisor of 2 and 46?
2
What is the highest common factor of 8 and 22?
2
What is the highest common factor of 476 and 28?
28
Calculate the highest common factor of 21040 and 80.
80
Calculate the highest common divisor of 31 and 1984.
31
Calculate the highest common factor of 325 and 200.
25
What is the highest common divisor of 338 and 39?
13
Calculate the highest common factor of 3568 and 16.
16
What is the highest common factor of 225 and 4425?
75
Calculate the highest common divisor of 52 and 143.
13
Calculate the greatest common divisor of 13 and 1.
1
What is the highest common factor of 1651 and 143?
13
Calculate the greatest common factor of 1991 and 99.
11
What is the greatest common divisor of 4958 and 134?
134
What is the highest common divisor of 8500 and 50?
50
What is the highest common factor of 84 and 672?
84
What is the greatest common divisor of 64 and 24?
8
What is the highest common divisor of 552 and 24?
24
What is the highest common factor of 145 and 667?
29
What is the highest common factor of 273 and 78?
39
What is the greatest common divisor of 3496 and 912?
152
Calculate the highest common factor of 2 and 1.
1
Calculate the greatest common divisor of 80 and 3440.
80
What is the greatest common factor of 63 and 343?
7
Calculate the greatest common divisor of 3772 and 1312.
164
What is the greatest common divisor of 1105 and 884?
221
Calculate the greatest common factor of 10 and 72.
2
What is the highest common factor of 3 and 7?
1
What is the greatest common divisor of 48 and 5448?
24
Calculate the highest common factor of 2100 and 15.
15
Calculate the greatest common divisor of 363 and 1023.
33
Calculate the highest common divisor of 30 and 24.
6
Calculate the greatest common factor of 184 and 40.
8
Calculate the highest common divisor of 65 and 130.
65
Calculate the greatest common factor of 98 and 28.
14
What is the greatest common factor of 182 and 56?
14
What is the greatest common factor of 324 and 20?
4
Calculate the highest common factor of 713 and 62.
31
What is the greatest common factor of 649 and 2950?
59
What is the greatest common divisor of 1020 and 60?
60
Calculate the highest common divisor of 63 and 329.
7
What is the greatest common factor of 497 and 142?
71
Calculate the highest common factor of 3682 and 14.
14
What is the highest common divisor of 7596 and 72?
36
What is the highest common divisor of 182 and 14?
14
Calculate the greatest common factor of 37 and 111.
37
What is the highest common d